e 16, what is -1 + 5767?
5766
In base 4, what is -2213321210 - 2?
-2213321212
In base 5, what is 3 - 2201420?
-2201412
In base 5, what is -2413 + 241?
-2122
In base 11, what is 6332 + -13a?
61a3
In base 14, what is 2 - -2c0?
2c2
In base 2, what is -1011001011010111011 - -10?
-1011001011010111001
In base 4, what is 11 - 23003?
-22332
In base 15, what is 2 - 832aa?
-832a8
In base 7, what is 4 - -1121050?
1121054
In base 8, what is 30 + 1430?
1460
In base 8, what is 22 - -3076?
3120
In base 10, what is -3 - -70639?
70636
In base 13, what is 175 + 77?
21c
In base 5, what is 300123 + -1111?
244012
In base 10, what is -353 + 15837?
15484
In base 11, what is 53 - 152?
-aa
In base 16, what is -2edea + -4?
-2edee
In base 12, what is -2aaa37 + -4?
-2aaa3b
In base 11, what is -2a96 - 1?
-2a97
In base 16, what is -1 + 62dd7?
62dd6
In base 12, what is 270 - 15a1?
-1331
In base 7, what is 1151064 + 4?
1151101
In base 16, what is -23ea52 - 3?
-23ea55
In base 5, what is 13 + 144431?
144444
In base 2, what is -100110110 - -1001001011?
100010101
In base 6, what is 1 - 21133311?
-21133310
In base 4, what is 23211 + 3000?
32211
In base 16, what is -1b + 169?
14e
In base 15, what is 1 - -44c7?
44c8
In base 6, what is -24 + 350002?
345534
In base 12, what is 1 + -219a9?
-219a8
In base 15, what is 7 + -311?
-309
In base 9, what is -18 - -3?
-15
In base 3, what is 10 + -2112022211?
-2112022201
In base 10, what is 146 - 183?
-37
In base 6, what is 1312053 - 4?
1312045
In base 10, what is -1 + -470645?
-470646
In base 13, what is -224b8 - -3?
-224b5
In base 15, what is 50 + -20e?
-1ae
In base 14, what is -46cd - 4?
-46d3
In base 10, what is 5 + 858?
863
In base 8, what is -2 + 33525?
33523
In base 13, what is 725 + -224?
501
In base 13, what is -2 + -125979?
-12597b
In base 5, what is -131200 - -244?
-130401
In base 2, what is 1111100110001 - 111111?
1111011110010
In base 3, what is -11 - -2101000010?
2100222222
In base 16, what is -147e + 38?
-1446
In base 16, what is -3dbfbb - 5?
-3dbfc0
In base 16, what is -81 - -184?
103
In base 14, what is 516 - -1a?
532
In base 16, what is -1 + 49413?
49412
In base 10, what is 5 - 9945?
-9940
In base 5, what is 1404411 - 0?
1404411
In base 8, what is 2 - 2752203?
-2752201
In base 15, what is 1 + c8e7b?
c8e7c
In base 12, what is -2b9b8 + 15?
-2b9a3
In base 2, what is 11 + -11001011011011000?
-11001011011010101
In base 13, what is -3c327 - 0?
-3c327
In base 12, what is 33071 - 0?
33071
In base 10, what is 421 - -42?
463
In base 14, what is c7 - -5cd4?
5dbb
In base 5, what is 21321 - 22?
21244
In base 6, what is 13103 - -42?
13145
In base 14, what is -3 + -3190?
-3193
In base 16, what is 8 + 1b9e?
1ba6
In base 6, what is -132205 + 0?
-132205
In base 16, what is -25e - 3?
-261
In base 12, what is -3 - -916?
913
In base 16, what is -21 - -1f?
-2
In base 16, what is -5b + 118db?
11880
In base 3, what is -200122000 - -11?
-200121212
In base 12, what is -2 + 5145?
5143
In base 6, what is -2254 - -142?
-2112
In base 6, what is -333 + -213?
-550
In base 6, what is -5 - 15350130?
-15350135
In base 14, what is c583 + -a?
c577
In base 5, what is 2 - 122322411?
-122322404
In base 2, what is 10 - 111101110000?
-111101101110
In base 8, what is -1125350 - -5?
-1125343
In base 14, what is 17 - -b52?
b69
In base 4, what is -101302 + -33232?
-201200
In base 8, what is 123 - 351?
-226
In base 5, what is -22332 + 11240?
-11042
In base 7, what is 4 - 143140?
-143133
In base 13, what is -10a0 - -3ac?
-9c1
In base 2, what is -10000101101 + -1001011001?
-11010000110
In base 8, what is -3622700 - 1?
-3622701
In base 4, what is 1322221 + -120?
1322101
In base 5, what is -3314412 + 0?
-3314412
In base 7, what is 4161 - 1204?
2654
In base 16, what is 1317b - -3?
1317e
In base 9, what is -10 - -4021?
4011
In base 7, what is -3526 - 1?
-3530
In base 6, what is -31024 - -50?
-30534
In base 6, what is 23143 - -55?
23242
In base 10, what is -22344 - -4?
-22340
In base 15, what is -24 - 447?
-46b
In base 8, what is -241341 + 12?
-241327
In base 15, what is 18 + -229?
-211
In base 10, what is 268 - -133?
401
In base 10, what is 52166 + 3?
52169
In base 15, what is -a + 1a479?
1a46e
In base 10, what is -873 + 28?
-845
In base 4, what is -102113 - -232?
-101221
In base 4, what is 3320 + -330?
2330
In base 11, what is 5 - 7a2466?
-7a2461
In base 4, what is 131300 + 3203?
201103
In base 6, what is -44 + 202345?
202301
In base 14, what is -c + -3d33?
-3d41
In base 5, what is -3 + -4122313?
-4122321
In base 11, what is 10 - a174?
-a164
In base 13, what is -57ba04 + -2?
-57ba06
In base 4, what is 1321102 + 21202?
2002310
In base 15, what is 1246 - 229?
101c
In base 3, what is 1002112 + -22001?
210111
In base 8, what is -54627 + 30?
-54577
In base 16, what is 2 + -1e021?
-1e01f
In base 4, what is 21 + -202300?
-202213
In base 16, what is -8 - -1066?
105e
In base 6, what is -220 - 1540?
-2200
In base 8, what is 27 - -11260?
11307
In base 6, what is -3002520 - -2?
-3002514
In base 7, what is 4463 - -1254?
6050
In base 4, what is -32 + -20110031?
-20110123
In base 14, what is -210b + -46?
-2153
In base 16, what is -5 + -2e55f?
-2e564
In base 11, what is -481 + -3a?
-510
In base 3, what is -21112 + -20001111?
-20100000
In base 2, what is -101111111011000100 + 10110?
-101111111010101110
In base 13, what is c23 - -118?
103b
In base 14, what is -4d2aa0 - 5?
-4d2aa5
In base 14, what is -309176 + 4?
-309172
In base 2, what is -100 - 1000100101010010?
-1000100101010110
In base 7, what is 1 + -14434453?
-14434452
In base 11, what is 5 - 313a1?
-31397
In base 3, what is 12 + 1201120220?
1201121002
In base 2, what is 1001011001000000001000 - 11?
1001011001000000000101
In base 13, what is -83ac - -5?
-83a7
In base 11, what is 259 - 1412?
-1164
In base 7, what is 60626426 + -3?
60626423
In base 4, what is -32111010 - 12?
-32111022
In base 5, what is 34102023 + 2?
34102030
In base 12, what is -61b95 + 1?
-61b94
In base 14, what is -27774 + 2?
-27772
In base 7, what is 1 - -100453?
100454
In base 6, what is 30424255 + 4?
30424303
In base 8, what is -4 + 122074?
122070
In base 6, what is 14 - -3450015?
3450033
In base 14, what is -19 - 303?
-31c
In base 13, what is 0 - -2762c?
2762c
In base 12, what is 115 + 421?
536
In base 2, what is 10000 + -100011001?
-100001001
In base 16, what is 1 - -2739?
273a
In base 3, what is -112222112 - 1?
-112222120
In base 10, what is 520 - -4871?
5391
In base 10, what is -99 - 313?
-412
In base 6, what is -25 - -10252033?
10252004
In base 14, what is 27ab + 18?
27c5
In base 2, what is 1100100101111000010011 - 11?
1100100101111000010000
In base 6, what is 4 - -43151342?
43151350
In base 13, what is 50 - -12c8a?
1300a
In base 13, what is -2 - 3012?
-3014
In base 5, what is -4 + 301321?
301312
In base 10, what is -84136 + 30?
-84106
In base 5, what is 0 - -142330?
142330
In base 10, what is -197971 - -1?
-197970
In base 12, what is 2 + -14a21?
-14a1b
In base 11, what is 773 + -42?
731
In base 7, what is 10055 - 103?
6652
In base 11, what is 1 - -22090?
22091
In base 9, what is -5120 + -6?
-5126
In base 6, what is 115 + 1053?
1212
In base 11, what is -a1545 + 5?
-a1540
In base 4, what is 321213331 - -21?
321220012
In base 5, what is -10203 - -102113?
41410
In base 15, what is 8 - -c76?
c7e
In base 8, what is -3 + -774754?
-774757
In base 10, what is -488550 - -4?
-488546
In base 15, what is -2 - 1028?
-102a
In base 14, what is 10 + 9da?
a0a
In base 8, what is 113145 + 3?
113150
In base 8, what is 1 + 43573?
43574
In base 10, what is -178 - -278?
100
In base 3, what is 10002121202 - 0?
10002121202
In base 5, what is 1010303 - 10?
1010243
In base 3, what is -11120 - 2000222210?
-2001011100
In base 2, what is -10101010 - -1001100101001?
1001001111111
In base 5, what is 0 - -1342324?
1342324
In base 7, what is -365 + -3551?
-4246
In base 12, what is 10b - 309?
-1ba
In base 7, what is 4 + 2641345?
2641352
In base 15, what is -2a + -13693?
-136bd
In base 10, what is 3 - -1?
4
In base 8, what is 7025 - -51?
7076
In base 16, what is 194 - -16?
1aa
In base 16, what is 6 - 1e77?
-1e71
In base 16, what is -4347d + -5?
-43482
In base 11, what is 4 - 359905?
-359901
In base 7, what is -43122 + -55?
-43210
In base 12, what is 412b - 5?
4126
In base 10, what is -6 - -62469